 base 7?
-2306566
3b6b884 (base 12) to base 11
6757447
Convert 3f2bf (base 16) to base 15.
51a01
3061 (base 13) to base 14
2606
Convert 2414431 (base 13) to base 11.
6344378
14603763 (base 8) to base 7
40266232
What is -553724 (base 10) in base 6?
-15511312
-110110010101000 (base 2) to base 13
-c879
-144432316 (base 7) to base 4
-210220323232
What is -39804 (base 15) in base 4?
-230323312
-11100101011011100010 (base 2) to base 4
-3211123202
Convert 11455254 (base 7) to base 4.
3321211011
6510 (base 16) to base 10
25872
Convert 11111101001001001 (base 2) to base 9.
216710
-1011011101111100100100 (base 2) to base 13
-813457
672587 (base 10) to base 16
a434b
28130 (base 12) to base 8
154264
-173b181 (base 13) to base 7
-121024541
Convert 2cfab (base 16) to base 9.
310645
What is -107613 (base 10) in base 16?
-1a45d
What is 14237c5 (base 14) in base 10?
9767441
-3237006 (base 9) to base 16
-1a81fd
What is 2a88a3 (base 12) in base 3?
1100120211020
What is -1b2e05 (base 16) in base 2?
-110110010111000000101
What is -42515515 (base 6) in base 8?
-4622147
What is -3003003032 (base 4) in base 10?
-798926
What is -2330223 (base 5) in base 14?
-11723
What is 1330546 (base 7) in base 3?
22220210221
Convert 22000000021 (base 3) to base 11.
a8346
What is 1bdb88 (base 14) in base 5?
223421343
Convert -b7ca4a (base 13) to base 9.
-8102276
-61114246 (base 8) to base 12
-439411a
Convert 1021042210 (base 5) to base 9.
4002717
48a566 (base 12) to base 9
2186616
Convert -8a0048 (base 13) to base 9.
-6112363
1011001000101000001 (base 2) to base 14
96d7b
343013 (base 8) to base 3
12220110000
What is 2a152b (base 14) in base 3?
2202100122100
What is -217446 (base 10) in base 12?
-a5a06
What is 4612b5 (base 13) in base 9?
3108018
-3276735 (base 8) to base 2
-11010111110111011101
Convert 14222113 (base 5) to base 4.
210032320
What is -4072a (base 12) in base 8?
-244022
Convert 33203311331 (base 4) to base 3.
21200020022002
-5634530 (base 10) to base 16
-55f9e2
What is 17272275 (base 9) in base 4?
201010121201
Convert fe956 (base 16) to base 14.
1d203c
-a24b5 (base 12) to base 3
-101202011102
Convert -530758 (base 9) to base 6.
-10432512
What is -33023113222 (base 4) in base 12?
-13ba60a
111011320 (base 4) to base 11
599a9
-1010001011100000011 (base 2) to base 16
-51703
-132322333 (base 4) to base 6
-2414211
-2802582 (base 9) to base 6
-52540415
-1622865 (base 10) to base 12
-6631a9
What is 296f9 (base 16) in base 11?
106572
-d1a49 (base 14) to base 4
-1323011301
What is -102101220302 (base 4) in base 3?
-100000101210022
Convert -1000110101010011000000 (base 2) to base 6.
-121343412
Convert 272500 (base 8) to base 15.
1d4a2
4c151a (base 13) to base 6
103124413
What is 2212120001102 (base 3) in base 10?
1526564
Convert -ad6f (base 16) to base 7.
-243305
-35090b (base 13) to base 7
-13460161
-11122011002120 (base 3) to base 11
-1432839
What is 1395522 (base 11) in base 3?
11111121122001
-1000010100110111 (base 2) to base 10
-34103
Convert 130652 (base 15) to base 3.
1201100221212
1111101100110111101 (base 2) to base 16
7d9bd
What is -16652357 (base 8) in base 5?
-1443411432
What is -10111011000001001 (base 2) in base 3?
-11212100102
12241144 (base 5) to base 4
130320123
162334 (base 10) to base 14
43234
-258851 (base 13) to base 9
-1627522
Convert -31482 (base 14) to base 7.
-1003422
-6d54d (base 16) to base 3
-211202021222
Convert 4132442412 (base 5) to base 8.
40272413
-26405047 (base 8) to base 11
-337042a
What is -1011110110011100010 (base 2) in base 13?
-10799c
Convert 1830c (base 14) to base 5.
3422333
What is -1946867 (base 11) in base 3?
-20012002010102
Convert -227077 (base 9) to base 11.
-93524
Convert 146313065 (base 7) to base 11.
55a6a90
What is 2010202121011 (base 3) in base 4?
10111210303
Convert 2a276 (base 15) to base 3.
20212221210
2404000001 (base 5) to base 14
a3da95
Convert -c8364 (base 14) to base 11.
-300395
Convert -a75469 (base 13) to base 6.
-220041245
What is 1742722 (base 8) in base 2?
1111100010111010010
What is -1202648 (base 9) in base 16?
-9f107
-4040854 (base 11) to base 6
-413054323
Convert bbb39 (base 15) to base 12.
249269
What is 3733b0 (base 14) in base 16?
1cdc1e
-181713 (base 9) to base 6
-2230233
2442835 (base 9) to base 11
827382
Convert 393ac (base 14) to base 3.
21010222112
Convert 316403 (base 9) to base 16.
2dff9
Convert 1110010001001100010001 (base 2) to base 11.
2125274
23250056 (base 9) to base 16
ac986f
What is -1617475 (base 11) in base 8?
-12423227
What is 58806 (base 9) in base 8?
114573
What is -11656 (base 13) in base 6?
-403231
Convert -11110112011012 (base 3) to base 9.
-4415135
Convert a59d2 (base 14) to base 11.
253440
What is 135a70 (base 11) in base 6?
4321420
80407 (base 9) to base 7
306664
Convert 24450 (base 10) to base 12.
12196
Convert 123232232103 (base 4) to base 6.
415450003
97908 (base 11) to base 7
1131346
-110111013 (base 4) to base 14
-224bd
-1101100010111011000010 (base 2) to base 6
-204035230
Convert -1221 (base 14) to base 4.
-301131
-93c29 (base 14) to base 11
-223819
-102102002 (base 4) to base 2
-10010010010000010
Convert 5787 (base 11) to base 5.
220342
What is 74677 (base 16) in base 5?
110224131
187776 (base 14) to base 9
1558630
11000111101010010 (base 2) to base 4
120331102
-3119fa (base 16) to base 14
-5da9d0
7795c (base 13) to base 14
59092
-2880a3b (base 13) to base 14
-19c8686
What is -4255403 (base 6) in base 16?
-333db
What is 3b1309 (base 13) in base 16?
15d4eb
What is 211022222122 (base 3) in base 7?
3510365
What is 36ee (base 15) in base 3?
121001022
-112a74 (base 13) to base 9
-677867
What is 1022520 (base 6) in base 4?
30023100
2a9969 (base 12) to base 14
14b161
What is -1d34fc (base 16) in base 4?
-13103103330
Convert -110020111100 (base 3) to base 9.
-406440
What is -4013035 (base 6) in base 2?
-101110000010101111
Convert -10000110011000 (base 2) to base 10.
-8600
Convert -2223003004 (base 5) to base 11.
-2840758
1010010100111111001110 (base 2) to base 9
5075768
What is 10330401 (base 5) in base 13?
3195a
Convert -12332200203 (base 4) to base 8.
-6764043
-1e2d1d (base 15) to base 14
-2a67d2
Convert 10010110110110110100 (base 2) to base 10.
617908
Convert -104512 (base 6) to base 4.
-2021330
-21212330331 (base 4) to base 15
-34b4d0
11411024 (base 5) to base 15
21a94
What is -13cc7b (base 15) in base 3?
-1210111102022
Convert -12222140 (base 10) to base 15.
-1116595
Convert 5026b0 (base 12) to base 11.
783112
What is -54329 (base 12) in base 2?
-11011000111010001
Convert -12043 (base 13) to base 15.
-9baa
Convert 1030203023 (base 4) to base 9.
527085
Convert 187840 (base 13) to base 4.
2112201310
1101210023 (base 4) to base 2
1010001100100001011
Convert 14b352 (base 15) to base 5.
223443002
Convert 3142542 (base 6) to base 9.
253578
What is 312031510 (base 6) in base 4?
110222113002
Convert 202201000330 (base 4) to base 12.
3044224
What is 313600 (base 8) in base 3?
12022002201
-651126 (base 7) to base 4
-123221223
224614 (base 13) to base 8
3055067
1010021212222 (base 3) to base 15
bb9e5
Convert 102002211212 (base 3) to base 16.
355dc
Convert 42552040 (base 6) to base 15.
19ceec
Convert -3030272 (base 9) to base 8.
-6120631
Convert 4893373 (base 10) to base 9.
10177401
What is -28947 (base 10) in base 14?
-a799
Convert -51377143 (base 8) to base 7.
-161315633
What is -1aa8376 (base 12) in base 4?
-111232220022
What is -723a9 (base 12) in base 7?
-1160616
1250865 (base 11) to base 4
20101101203
113504663 (base 7) to base 9
14200248
Convert 32194 (base 12) to base 8.
200600
1355a (base 14) to base 8
135134
Convert -12e30 (base 15) to base 10.
-60570
2163642 (base 7) to base 8
1013130
4433131233 (base 5) to base 7
145056321
What is 109060 (base 10) in base 13?
3a843
-13110 (base 10) to base 8
-31466
Convert -11100001101110011000 (base 2) to base 11.
-581707
110001110000110011010010 (base 2) to base 15
122a281
What is 2231122 (base 4) in base 16?
2b5a
What is -337054 (base 8) in base 7?
-654001
What is 23102010123 (base 4) in base 16?
2d211b
Convert -3051520 (base 6) to base 8.
-436650
Convert 14171a (base 14) to base 8.
2516514
728a53 (base 12) to base 11
1019372
What is -1013104 (base 6) in base 2?
-1011111000000000
Convert 22121011120102 (base 3) to base 12.
1644678
Convert